 and 6.
6
What is the highest common factor of 514767 and 285?
57
What is the greatest common divisor of 24 and 869208?
24
Calculate the greatest common factor of 3333661 and 129.
43
Calculate the greatest common factor of 8535 and 35.
5
Calculate the highest common divisor of 212749 and 533.
41
What is the highest common divisor of 816 and 378012?
204
What is the highest common factor of 111 and 4949157?
111
Calculate the highest common divisor of 266 and 11628.
38
Calculate the highest common divisor of 2976 and 9696.
96
What is the greatest common divisor of 10 and 58510?
10
Calculate the highest common divisor of 136 and 26027.
17
What is the highest common divisor of 8 and 53384?
8
Calculate the highest common factor of 5984 and 2057.
187
Calculate the greatest common factor of 126 and 205646.
14
What is the highest common divisor of 3270 and 47010?
30
Calculate the highest common factor of 50 and 1999175.
25
What is the highest common divisor of 841 and 247254?
841
What is the greatest common divisor of 494255 and 205?
205
What is the greatest common factor of 558 and 20457?
9
What is the greatest common divisor of 318 and 3515331?
159
What is the greatest common divisor of 4928 and 589120?
448
Calculate the greatest common divisor of 572 and 3770.
26
Calculate the greatest common factor of 43784 and 5096.
104
Calculate the greatest common divisor of 9707 and 306.
17
What is the greatest common divisor of 10158 and 1?
1
What is the greatest common divisor of 103 and 777753?
103
What is the greatest common divisor of 9856 and 488?
8
What is the highest common factor of 5160 and 3720?
120
Calculate the highest common divisor of 758226 and 189.
21
Calculate the greatest common factor of 1710 and 5890.
190
What is the highest common factor of 406 and 92162?
406
Calculate the greatest common factor of 114235 and 670.
335
Calculate the greatest common factor of 19735 and 670.
5
Calculate the greatest common divisor of 167739 and 2145.
429
Calculate the highest common divisor of 3546 and 36.
18
Calculate the highest common factor of 4176 and 8236.
116
What is the greatest common divisor of 1340 and 59965?
335
What is the highest common divisor of 1564688 and 1520?
304
Calculate the greatest common factor of 5031 and 3520023.
1677
Calculate the greatest common factor of 2400 and 359328.
96
Calculate the greatest common factor of 9780 and 960.
60
Calculate the highest common divisor of 5640252 and 12.
12
What is the highest common divisor of 13369 and 1044?
29
What is the greatest common factor of 349 and 7?
1
What is the greatest common divisor of 1320 and 8448?
264
What is the highest common divisor of 24922 and 18?
2
What is the greatest common divisor of 9916 and 1608?
268
What is the highest common factor of 16303 and 1370?
137
Calculate the highest common divisor of 8483247 and 18.
9
What is the highest common divisor of 11936 and 56?
8
What is the highest common factor of 34719 and 104483?
163
Calculate the greatest common factor of 247750 and 750.
250
What is the greatest common factor of 50645 and 105?
35
What is the greatest common factor of 12 and 6135?
3
Calculate the greatest common divisor of 597 and 27.
3
Calculate the highest common factor of 23 and 328739.
23
Calculate the greatest common divisor of 20 and 210260.
20
What is the highest common divisor of 151 and 106455?
151
What is the greatest common divisor of 32955 and 975?
195
Calculate the highest common factor of 3119050 and 50.
50
What is the greatest common factor of 4703643 and 287?
287
What is the highest common factor of 270869 and 295?
59
Calculate the greatest common factor of 5168 and 782.
34
Calculate the greatest common divisor of 1719 and 10505.
191
What is the greatest common divisor of 13436 and 20?
4
Calculate the highest common divisor of 115141 and 10387.
221
What is the highest common factor of 5714856 and 414?
414
Calculate the highest common factor of 1138748 and 5026.
718
Calculate the highest common factor of 463 and 1607.
1
Calculate the highest common divisor of 394 and 414882.
394
What is the greatest common divisor of 36 and 19566?
18
What is the highest common factor of 104 and 1189084?
52
Calculate the greatest common divisor of 630 and 512.
2
What is the highest common factor of 175140 and 21684?
1668
Calculate the highest common factor of 188 and 100.
4
Calculate the highest common divisor of 718333 and 44.
11
What is the greatest common divisor of 1320 and 18740?
20
What is the greatest common factor of 3190 and 90770?
290
Calculate the greatest common factor of 660 and 2355.
15
What is the highest common divisor of 90300 and 1225?
175
What is the greatest common factor of 1742224 and 55?
11
What is the highest common factor of 20790 and 406?
14
Calculate the greatest common factor of 2484 and 3942.
54
What is the highest common factor of 2940 and 216335?
245
Calculate the highest common divisor of 100 and 337975.
25
Calculate the highest common divisor of 13 and 23283.
13
Calculate the highest common factor of 9875 and 39895.
395
Calculate the greatest common factor of 570 and 90.
30
Calculate the greatest common divisor of 9 and 24060.
3
What is the greatest common factor of 127916 and 1808?
452
Calculate the greatest common factor of 192033 and 171.
171
Calculate the greatest common factor of 186098 and 1694.
242
What is the highest common divisor of 2334 and 18283?
389
Calculate the highest common factor of 273 and 6155877.
273
What is the greatest common factor of 407 and 5106?
37
What is the greatest common divisor of 695722 and 1670?
334
What is the highest common divisor of 360 and 18700?
20
What is the highest common divisor of 24 and 44672?
8
What is the highest common divisor of 5792801 and 595?
119
What is the greatest common divisor of 18489 and 45?
3
What is the highest common divisor of 417 and 684?
3
What is the greatest common factor of 45 and 204810?
15
Calculate the highest common factor of 11504 and 176.
16
Calculate the highest common factor of 324 and 315.
9
What is the highest common factor of 18174 and 2366?
26
What is the greatest common factor of 1592 and 72?
8
Calculate the greatest common divisor of 69 and 3124389.
69
What is the greatest common factor of 649 and 190157?
649
What is the greatest common divisor of 189708 and 36?
12
Calculate the greatest common divisor of 667 and 129253.
29
What is the greatest common divisor of 722 and 37126?
38
What is the greatest common divisor of 70959 and 1071?
21
Calculate the highest common factor of 689618 and 17966.
1382
Calculate the greatest common factor of 210 and 24185.
35
What is the greatest common factor of 3154060 and 520?
260
Calculate the greatest common divisor of 35343 and 918.
459
What is the highest common divisor of 12 and 281508?
12
What is the highest common factor of 779 and 37?
1
What is the greatest common divisor of 214594 and 82?
82
Calculate the greatest common divisor of 1735 and 155.
5
What is the greatest common factor of 193190 and 580?
10
Calculate the greatest common divisor of 1829 and 15281.
59
Calculate the greatest common divisor of 972 and 9558.
162
What is the highest common factor of 68628 and 1548?
516
What is the greatest common factor of 214893 and 27?
27
What is the greatest common divisor of 125150 and 100?
50
What is the greatest common divisor of 737 and 11539?
11
Calculate the highest common factor of 183 and 40809.
183
What is the highest common factor of 6475 and 100275?
175
What is the highest common factor of 424 and 4346?
106
What is the highest common divisor of 228 and 376029?
57
Calculate the greatest common factor of 385 and 34895.
35
What is the greatest common divisor of 1805 and 475?
95
What is the highest common factor of 53 and 84429?
53
Calculate the greatest common factor of 6612 and 684.
228
What is the greatest common factor of 804 and 1809?
201
Calculate the greatest common factor of 602900 and 100.
100
Calculate the highest common factor of 14 and 4290132.
14
What is the greatest common divisor of 82 and 845707?
41
Calculate the greatest common factor of 11286 and 790614.
594
What is the greatest common factor of 1055928 and 24?
24
Calculate the greatest common factor of 323921 and 195.
13
Calculate the gr